w. Let o(f) = -2*f - 2. What is o(j)?
6
Let b(o) = -o**2 + o + 1. Let m = 33 - 21. Suppose m*c = 8*c + 12. Suppose j + 4*y - 10 = 2*j, -c*y = -2*j - 5. Give b(j).
-1
Let k(x) = x**3 - 4*x**2 - 3*x - 5. Suppose 24 = -2*f + 4*r, -7*r + 28 = -2*f - 2*r. Let j be (-6)/f*(-80)/(-30). Calculate k(j).
-17
Let k(t) = -27*t - 2. Suppose 4*j - 643 = -647. Calculate k(j).
25
Let a(w) = w**3 - 8*w**2 + 8*w - 7. Let u be a(7). Suppose u = 5*z + 6 - 31. Let s(l) = -8*l - 3. Let k(d) = -4*d - 2. Let g(c) = z*k(c) - 3*s(c). Give g(2).
7
Let g = -4 - 2. Let r(u) be the second derivative of -u**4/12 - 4*u**3/3 - 4*u**2 + 10*u. What is r(g)?
4
Let g(i) be the second derivative of i**6/720 + i**5/8 - i**4/6 + 3*i. Let x(m) be the third derivative of g(m). Suppose 0 = 38*k - 34*k. Determine x(k).
15
Let l(i) = i**3 + 3 - 10*i + 2*i**3 - 14*i**3 + 13*i - 3*i**2 + 12*i**3. Determine l(4).
31
Let n(y) = 1. Let b(t) = -t + 3. Let a(g) = 3*b(g) - 7*n(g). Suppose -7 = 3*d + f, -2*f - 6 - 2 = 3*d. Give a(d).
8
Let l(y) = 3*y**3 - 22*y**2 - y - 4. Let x(b) = -4*b**3 + 24*b**2 + b + 3. Let k(w) = 5*l(w) + 4*x(w). Calculate k(-14).
6
Let g(f) = f - 1. Let s(c) = -c**2 + 5*c - 2. Let h be s(0). Calculate g(h).
-3
Let l(u) be the first derivative of u**3/3 - 5*u**2 + 9*u + 61. Give l(10).
9
Suppose 2*m - 15 = a, 4*m = -3*a + a + 34. Let u(f) = 2*f + 0*f - m*f. What is u(-1)?
6
Let b(y) = y - 1. Let d(h) = 0*h - 13*h**2 + 12*h**2 - 2*h + 6. Let l(k) = 6*b(k) + d(k). Calculate l(4).
0
Let d(u) = -10 + u + 9*u**2 - 14*u**2 + u**3 + 4*u**2. Let f = 1 - 1. Let w be f/(-2)*(1 + 0). Give d(w).
-10
Let m(d) = d**2 + 11*d. Let f(o) = 3*o**2 + 26*o + 1. Let h(i) = -2*f(i) + 5*m(i). Give h(3).
-2
Let h(c) = c**3 - 15*c**2 + 30*c - 231. Let f be h(14). Let p(z) = -z + 8. Determine p(f).
15
Suppose -4*t = 0, 3*t - 4*t = 2*c. Suppose -d = -c*d - 4*d. Let k(u) = u - 11. What is k(d)?
-11
Let c(z) = -11*z**3 + z**2 + 2*z + 1. Let w(t) = -17*t**3 + 2*t**2 + 3*t + 2. Let r = 49 + -41. Let i(f) = r*c(f) - 5*w(f). Calculate i(-2).
12
Let w(p) = -p**2 - 3*p - 3. Let o(x) be the third derivative of x**4/24 - x**3/3 - 3*x**2. Let t be o(3). Let a be t - (21 + -3)/3. Give w(a).
-13
Let c = 5 + 1. Let h(k) be the first derivative of 3*k**2/2 + 4*k + 2701. Calculate h(c).
22
Suppose -18*j - 5 = -19*j. Let h be ((25/j)/(-1))/(-1). Let q(w) = w**2 - 5*w - 4. What is q(h)?
-4
Let p(s) = 2*s**2 + 2*s - 13. Let k(a) = 7*a**2 + 5*a - 35. Let l(t) = 4*k(t) - 11*p(t). What is l(1)?
7
Let b(z) be the second derivative of z**5/20 - z**4/2 - z**3 - 5*z**2/2 + 6*z - 6. Calculate b(7).
2
Let y(i) be the third derivative of -i**7/2520 + 7*i**6/720 + 7*i**5/120 - 3*i**4/4 - 21*i**2. Let f(u) be the second derivative of y(u). What is f(8)?
-1
Let a(t) = -8*t**2 - 39*t - 28. Let z(m) = -18*m**2 - 80*m - 58. Let r(s) = -7*a(s) + 3*z(s). Determine r(-16).
6
Let w(v) = v**2 + 2*v - 1. Let m = -20 + 12. Let t be m/(-20)*(-1 - 14). Let f(a) = a**3 + 5*a**2 - 5*a + 2. Let q be f(t). Calculate w(q).
7
Let m(k) be the first derivative of -k**4/12 + 5*k**3/6 + 3*k**2 + 13*k + 13. Let x(w) be the first derivative of m(w). Determine x(5).
6
Let z(t) = t**3 + t**2 - 2*t + 1. Suppose 0 = -73*d + 80*d - 7. Determine z(d).
1
Let g(k) = -4*k**3 - 3*k + 3*k**3 + 7*k**3 - 4 - 5*k**3. Determine g(3).
14
Let v(r) be the third derivative of -r**4/6 + r**3/6 + 4*r**2. Suppose -3*a = 4*u + 3, u = -3*a + 1 - 4. Determine v(a).
5
Suppose s - 20 = -3*s. Suppose -q + s*q + 24 = 0. Let i(k) = 538 - 527 + k + 0*k. What is i(q)?
5
Let h(n) be the second derivative of -1/2*n**3 + 1/12*n**4 - n + 0 + n**2. Suppose -4*k - 4*v = 12, 4*k - 3*v - 290 + 267 = 0. Calculate h(k).
0
Let o(f) = -18*f + 46. Let s be o(3). Let k(z) = 2*z + 6. What is k(s)?
-10
Let z(j) = -j**3 - 3*j**2 + 2*j + 3. Let b = -13 + 29. Suppose b = 4*y + 4*v, -6*y + 3*y = -v - 32. Suppose 2*q + 26 = 5*d, -3*d + y = 2*q - q. Give z(q).
-3
Suppose 3*b + 2*b - 25 = 0. Suppose -4*p - y - y + 78 = 0, b*p - 114 = 3*y. Let s(t) = -p + t**2 + 21 + 0*t**2 - 4*t. Give s(5).
5
Let x(j) be the second derivative of -j**5/20 - j**4/4 + j**3/3 + 5*j**2/2 - 3*j. Let b be (-18)/(-27)*(1 - -17). Suppose -2*f + b = -5*f. Calculate x(f).
13
Let m(r) = -17*r - 91. Let j be -10*4/(-10) - 10. Let q be m(j). Let g(l) = -l + 15. Give g(q).
4
Let s = -190 + 184. Let n(x) = x**3 + 9*x**2 - 3. Let b(l) = -2*l**3 - 17*l**2 + 6. Let c(t) = 3*b(t) + 5*n(t). What is c(s)?
3
Let b(w) = w**2 + 14*w + 9. Let m be -6 - ((-105)/5)/(-3). Determine b(m).
-4
Let y(l) = -l**3 - 2*l**2. Suppose 237*q = 240*q. What is y(q)?
0
Let o = -23 + 17. Let r be o*((-16)/3 - -5). Let x(h) = -h**3 + 2*h**2 - 2*h - 2. Let l(k) = k + 1. Let n(z) = -2*l(z) - x(z). Calculate n(r).
0
Let p = 549 - 544. Let a(j) = -j**3 + 4*j**2 + 4*j - 6. What is a(p)?
-11
Let i = 11 + -29. Let r = 20 + i. Let q(b) = b + 1. Let h(a) = a + 1. Let k(t) = -2*h(t) + q(t). Determine k(r).
-3
Let p be 71/3 + 11/33. Let j = -6 + p. Let t = j - 20. Let w(v) = v**2 - 2*v. Determine w(t).
8
Let u(y) = 2*y + 11. Let m be u(-8). Let f(c) be the third derivative of -c**6/120 - c**5/10 - c**4/6 - c**3/3 - c**2 - 40. What is f(m)?
-7
Let v be 4/6 + 8/6. Let u(m) = -10*m + 1. Let y(i) = 5*i - 11. Let g(w) = 3*w - 7. Let x(l) = -8*g(l) + 5*y(l). Let n(q) = u(q) + 2*x(q). What is n(v)?
-13
Let a(b) be the third derivative of b**7/5040 + b**6/144 + 11*b**5/30 - 22*b**2. Let c(p) be the third derivative of a(p). Determine c(-4).
1
Let t(i) = 2*i + 456 - 148 - 159 - 148. Suppose -5*d = -26 - 4. Give t(d).
13
Let x(s) = -s**2 + 7*s - 6. Let o be x(6). Let p(w) = -32 - 35 + 69 - 4*w**3 + 3*w**3. Determine p(o).
2
Let y(h) = -h. Let u(k) = -k. Let x(r) = 5*u(r) - 4*y(r). Suppose 0 = 5*z + 11*z + 5*z. Let i be z/((1 - 0)/(2/(-2))). What is x(i)?
0
Let y(d) be the second derivative of d**5/20 + d**4/4 - 2*d**3/3 - 3*d**2/2 + 18*d. Let l(z) = 3*z + 1. Let i be l(1). Let j be (i/3)/((-5)/15). What is y(j)?
-3
Let t = -682 - -689. Let g(i) = i**3 - 7*i**2 - 7 - 2*i**3 + 2*i**3. Give g(t).
-7
Let n be 2/(4/(-6)*9/(-12)). Let i(t) = 5*t - 5. Let m(j) = 9*j - 10. Let p(x) = 5*i(x) - 3*m(x). Determine p(n).
-3
Let r(k) = 2*k + 1. Suppose 3*l - 4 = 6*l - 2*z, 0 = -z + 2. Calculate r(l).
1
Let p(w) = -12*w + 20. Let u(c) = 2*c - 1. Let d(n) = p(n) + 5*u(n). Give d(16).
-17
Let b be 4/6 + (175/(-15) - -4). Let w(s) = -4*s**2 - s - 5. Let k(u) = u**2 + 2. Let q(p) = b*k(p) - 2*w(p). Determine q(-3).
-1
Let f(b) = -b**3 - 4*b**2 - 2*b - 3. Let i(z) = -12*z**3 - 20*z**2 + 10*z**3 - 13 + 3*z**3 + z. Let w be i(20). Suppose -w*p = -3*p + 16. What is f(p)?
5
Suppose -9 = -3*h + 3. Suppose 2*j + j = -3*g + 9, -j = h*g - 24. Let a(c) = -c**3 + 7*c**2 + 2*c - 8. Determine a(g).
6
Let k(r) = 5*r**2 - 9*r - 4. Let y(n) = n**3 - 16*n**2 - 18*n + 11. Let g be y(17). Let w(t) = 4*t**2 - 8*t - 3. Let a(p) = g*w(p) + 5*k(p). Give a(-4).
2
Suppose -5*p = -g - 5, -13 = 9*p - 8*p - 3*g. Let q(o) = -o. Let j(v) = 3*v**2 - 9*v + 2. Let l(r) = j(r) - 5*q(r). What is l(p)?
6
Let g(b) = 2*b + 3. Suppose 9*i - 15*i = -i. Suppose 4*m + i*z - 2*z = 12, 3*m - 3*z = 9. Determine g(m).
9
Let t(m) be the third derivative of -m**4/24 + m**3/6 + m**2 - 12. What is t(-3)?
4
Let f(g) = 3*g + 3 - 15 + 5. Give f(5).
8
Let m(w) = -3*w - 4. Let a(y) = -y**3 - 4*y**2 - 6*y + 4. Let g be a(-4). Suppose 9*d + g = 5*d. Determine m(d).
17
Let n be (-37)/(-7) - 10/35. Suppose 26 = n*k - 4. Let r(p) = -p + 3 + p**2 + k*p - 1. Determine r(-5).
2
Let u(q) = 19 - q**2 - 8 - 5 - 5*q - 7. Determine u(-5).
-1
Suppose 8*f = -2*q + 3*f + 9, 3*f = 2*q - 1. Suppose 9 = q*r + 3*v, -2*r - 3*v + v = -10. Suppose 0 = -r*b + 2*b. Let l(h) = -h + 6. Calculate l(b).
6
Let h be (10 - 11) + 1 + 3 + 0. Let c(g) = 2*g - 1. Let p be c(h). Let j(r) = r**2 - 7*r + 3. What is j(p)?
-7
Let t(m) = -7*m**2 + 13*m + 19. Let k(a) = 8*a**2 - 14*a - 19. Let o(g) = 6*k(g) + 7*t(g). Give o(10).
-11
Let v(b) be the third derivative of b**6/120 - b**5/30 + b**4/8 - b**3/2 + 21*b**2. Let s be (-24)/(-10) + (-6)/15. Determine v(s).
3
Suppose 3*g - 16 = f, -2*g - 3*f = -g + 8. Let p(m) = -m**3 + 5*m**2 - 3*m - 2. Let o be p(g). Let l(s) = o*s + 13 + s**3 - 3*s + s. Determine l(0).
13
Suppose -3*b = 3*c - 72, 2*b - 4*c + 115 = 7*b. Suppose 2*i = -53 - b. Let j be (i/(-45)